{"id":103,"date":"2020-12-22T20:10:19","date_gmt":"2020-12-22T23:10:19","guid":{"rendered":"http:\/\/54.207.163.35\/?page_id=103"},"modified":"2021-01-13T17:08:42","modified_gmt":"2021-01-13T20:08:42","slug":"dados","status":"publish","type":"page","link":"http:\/\/www.racloudsolution.com\/index.php\/dados\/","title":{"rendered":"Computa\u00e7\u00e3o em Nuvem pelo Mundo"},"content":{"rendered":"\n<ul class=\"wp-block-list\"><li><strong>Utiliza\u00e7\u00e3o da computa\u00e7\u00e3o em nuvem no mundo<\/strong><\/li><\/ul>\n\n\n\n<div class=\"wp-block-image\"><figure class=\"aligncenter size-large\"><img loading=\"lazy\" decoding=\"async\" width=\"562\" height=\"503\" src=\"http:\/\/54.207.163.35\/wp-content\/uploads\/2020\/12\/cloudusage-1.png\" alt=\"\" class=\"wp-image-151\" srcset=\"http:\/\/www.racloudsolution.com\/wp-content\/uploads\/2020\/12\/cloudusage-1.png 562w, http:\/\/www.racloudsolution.com\/wp-content\/uploads\/2020\/12\/cloudusage-1-300x269.png 300w\" sizes=\"auto, (max-width: 562px) 100vw, 562px\" \/><\/figure><\/div>\n\n\n\n<p><\/p>\n\n\n\n<ul class=\"wp-block-list\"><li><strong>Crescimento da computa\u00e7\u00e3o em nuvem no mundo<\/strong><\/li><\/ul>\n\n\n\n<BR><BR><BR>\n\n\n\n<p><\/p>\n\n\n\n<p><\/p>\n\n\n\n<div class=\"wp-block-image\"><figure class=\"aligncenter size-large\"><img loading=\"lazy\" decoding=\"async\" width=\"821\" height=\"504\" src=\"http:\/\/54.207.163.35\/wp-content\/uploads\/2020\/12\/cloudgrowth-2.png\" alt=\"\" class=\"wp-image-152\" srcset=\"http:\/\/www.racloudsolution.com\/wp-content\/uploads\/2020\/12\/cloudgrowth-2.png 821w, http:\/\/www.racloudsolution.com\/wp-content\/uploads\/2020\/12\/cloudgrowth-2-300x184.png 300w, http:\/\/www.racloudsolution.com\/wp-content\/uploads\/2020\/12\/cloudgrowth-2-768x471.png 768w\" sizes=\"auto, (max-width: 821px) 100vw, 821px\" \/><\/figure><\/div>\n\n\n\n<p><\/p>\n","protected":false},"excerpt":{"rendered":"<p>Utiliza\u00e7\u00e3o da computa\u00e7\u00e3o em nuvem no mundo Crescimento da computa\u00e7\u00e3o em nuvem no mundo<\/p>\n","protected":false},"author":1,"featured_media":0,"parent":0,"menu_order":0,"comment_status":"closed","ping_status":"closed","template":"","meta":{"footnotes":""},"class_list":["post-103","page","type-page","status-publish","hentry"],"_links":{"self":[{"href":"http:\/\/www.racloudsolution.com\/index.php\/wp-json\/wp\/v2\/pages\/103","targetHints":{"allow":["GET"]}}],"collection":[{"href":"http:\/\/www.racloudsolution.com\/index.php\/wp-json\/wp\/v2\/pages"}],"about":[{"href":"http:\/\/www.racloudsolution.com\/index.php\/wp-json\/wp\/v2\/types\/page"}],"author":[{"embeddable":true,"href":"http:\/\/www.racloudsolution.com\/index.php\/wp-json\/wp\/v2\/users\/1"}],"replies":[{"embeddable":true,"href":"http:\/\/www.racloudsolution.com\/index.php\/wp-json\/wp\/v2\/comments?post=103"}],"version-history":[{"count":12,"href":"http:\/\/www.racloudsolution.com\/index.php\/wp-json\/wp\/v2\/pages\/103\/revisions"}],"predecessor-version":[{"id":277,"href":"http:\/\/www.racloudsolution.com\/index.php\/wp-json\/wp\/v2\/pages\/103\/revisions\/277"}],"wp:attachment":[{"href":"http:\/\/www.racloudsolution.com\/index.php\/wp-json\/wp\/v2\/media?parent=103"}],"curies":[{"name":"wp","href":"https:\/\/api.w.org\/{rel}","templated":true}]}}